{"id":3,"date":"2025-01-17T13:36:05","date_gmt":"2025-01-17T12:36:05","guid":{"rendered":"http:\/\/web01\/balzer-gartengestaltung.de\/wordpress\/?page_id=3"},"modified":"2026-03-03T09:09:39","modified_gmt":"2026-03-03T08:09:39","slug":"datenschutzerklaerung","status":"publish","type":"page","link":"https:\/\/balzer-gartengestaltung.de\/?page_id=3","title":{"rendered":"Datenschutzerkl\u00e4rung"},"content":{"rendered":"\t\t<div data-elementor-type=\"wp-page\" data-elementor-id=\"3\" class=\"elementor elementor-3\" data-elementor-post-type=\"page\">\n\t\t\t\t<div class=\"elementor-element elementor-element-c6acb46 e-con-full e-flex e-con e-parent\" data-id=\"c6acb46\" data-element_type=\"container\" data-e-type=\"container\">\n\t\t<div class=\"elementor-element elementor-element-0dbb638 e-con-full e-flex e-con e-child\" data-id=\"0dbb638\" data-element_type=\"container\" data-e-type=\"container\">\n\t\t\t\t<\/div>\n\t\t\t\t<div class=\"elementor-element elementor-element-8c1f911 e-transform elementor-widget elementor-widget-image\" data-id=\"8c1f911\" data-element_type=\"widget\" data-e-type=\"widget\" data-settings=\"{&quot;_transform_scale_effect_mobile&quot;:{&quot;unit&quot;:&quot;px&quot;,&quot;size&quot;:0.7,&quot;sizes&quot;:[]},&quot;_transform_scale_effect&quot;:{&quot;unit&quot;:&quot;px&quot;,&quot;size&quot;:&quot;&quot;,&quot;sizes&quot;:[]},&quot;_transform_scale_effect_tablet&quot;:{&quot;unit&quot;:&quot;px&quot;,&quot;size&quot;:&quot;&quot;,&quot;sizes&quot;:[]}}\" data-widget_type=\"image.default\">\n\t\t\t\t<div class=\"elementor-widget-container\">\n\t\t\t\t\t\t\t\t\t\t\t\t\t\t\t<img width=\"179\" height=\"141\" src=\"https:\/\/balzer-gartengestaltung.de\/wp-content\/uploads\/2025\/01\/Screenshot-5.png\" class=\"attachment-large size-large","protected":false},"excerpt":{"rendered":"<p>DATENSCHUTZERKL\u00c4RUNG 1. DATENSCHUTZ AUF EINEN BLICK ALGEMEINE HINWEISE Die folgenden Hinweise geben einen einfachen \u00dcberblick dar\u00fcber, was mit Ihren personenbezogenen Daten passiert, wenn Sie unsere Website besuchen. Personenbezogene Daten sind alle Daten, mit denen Sie pers\u00f6nlich<\/p>\n","protected":false},"author":1,"featured_media":0,"parent":0,"menu_order":0,"comment_status":"closed","ping_status":"open","template":"elementor_header_footer","meta":{"footnotes":""},"class_list":["post-3","page","type-page","status-publish","hentry"],"yoast_head":"<!-- This site is optimized with the Yoast SEO plugin v27.3 - https:\/\/yoast.com\/product\/yoast-seo-wordpress\/ -->\n<title>Datenschutzerkl\u00e4rung -<\/title>\n<meta name=\"robots\" content=\"index, follow, max-snippet:-1, max-image-preview:large, max-video-preview:-1\" \/>\n<link rel=\"canonical\" href=\"https:\/\/balzer-gartengestaltung.de\/?page_id=3\" \/>\n<meta property=\"og:locale\" content=\"de_DE\" \/>\n<meta property=\"og:type\" content=\"article\" \/>\n<meta property=\"og:title\" content=\"Datenschutzerkl\u00e4rung -\" \/>\n<meta property=\"og:description\" content=\"DATENSCHUTZERKL\u00c4RUNG 1. DATENSCHUTZ AUF EINEN BLICK ALGEMEINE HINWEISE Die folgenden Hinweise geben einen einfachen \u00dcberblick dar\u00fcber, was mit Ihren personenbezogenen Daten passiert, wenn Sie unsere Website besuchen. Personenbezogene Daten sind alle Daten, mit denen Sie pers\u00f6nlich\" \/>\n<meta property=\"og:url\" content=\"https:\/\/balzer-gartengestaltung.de\/?page_id=3\" \/>\n<meta property=\"article:publisher\" content=\"https:\/\/www.facebook.com\/p\/Balzer-Garten-und-Landschaftsbau-100078155521552\" \/>\n<meta property=\"article:modified_time\" content=\"2026-03-03T08:09:39+00:00\" \/>\n<meta property=\"og:image\" content=\"https:\/\/balzer-gartengestaltung.de\/wp-content\/uploads\/2025\/01\/Screenshot-5.png\" \/>\n<meta name=\"twitter:card\" content=\"summary_large_image\" \/>\n<meta name=\"twitter:label1\" content=\"Gesch\u00e4tzte Lesezeit\" \/>\n\t<meta name=\"twitter:data1\" content=\"13\u00a0Minuten\" \/>\n<script type=\"application\/ld+json\" class=\"yoast-schema-graph\">{\"@context\":\"https:\\\/\\\/schema.org\",\"@graph\":[{\"@type\":\"WebPage\",\"@id\":\"https:\\\/\\\/balzer-gartengestaltung.de\\\/?page_id=3\",\"url\":\"https:\\\/\\\/balzer-gartengestaltung.de\\\/?page_id=3\",\"name\":\"Datenschutzerkl\u00e4rung -\",\"isPartOf\":{\"@id\":\"https:\\\/\\\/balzer-gartengestaltung.de\\\/#website\"},\"primaryImageOfPage\":{\"@id\":\"https:\\\/\\\/balzer-gartengestaltung.de\\\/?page_id=3#primaryimage\"},\"image\":{\"@id\":\"https:\\\/\\\/balzer-gartengestaltung.de\\\/?page_id=3#primaryimage\"},\"thumbnailUrl\":\"https:\\\/\\\/balzer-gartengestaltung.de\\\/wp-content\\\/uploads\\\/2025\\\/01\\\/Screenshot-5.png\",\"datePublished\":\"2025-01-17T12:36:05+00:00\",\"dateModified\":\"2026-03-03T08:09:39+00:00\",\"breadcrumb\":{\"@id\":\"https:\\\/\\\/balzer-gartengestaltung.de\\\/?page_id=3#breadcrumb\"},\"inLanguage\":\"de\",\"potentialAction\":[{\"@type\":\"ReadAction\",\"target\":[\"https:\\\/\\\/balzer-gartengestaltung.de\\\/?page_id=3\"]}]},{\"@type\":\"ImageObject\",\"inLanguage\":\"de\",\"@id\":\"https:\\\/\\\/balzer-gartengestaltung.de\\\/?page_id=3#primaryimage\",\"url\":\"https:\\\/\\\/balzer-gartengestaltung.de\\\/wp-content\\\/uploads\\\/2025\\\/01\\\/Screenshot-5.png\",\"contentUrl\":\"https:\\\/\\\/balzer-gartengestaltung.de\\\/wp-content\\\/uploads\\\/2025\\\/01\\\/Screenshot-5.png\",\"width\":179,\"height\":141},{\"@type\":\"BreadcrumbList\",\"@id\":\"https:\\\/\\\/balzer-gartengestaltung.de\\\/?page_id=3#breadcrumb\",\"itemListElement\":[{\"@type\":\"ListItem\",\"position\":1,\"name\":\"Start\",\"item\":\"https:\\\/\\\/balzer-gartengestaltung.de\\\/\"},{\"@type\":\"ListItem\",\"position\":2,\"name\":\"Datenschutzerkl\u00e4rung\"}]},{\"@type\":\"WebSite\",\"@id\":\"https:\\\/\\\/balzer-gartengestaltung.de\\\/#website\",\"url\":\"https:\\\/\\\/balzer-gartengestaltung.de\\\/\",\"name\":\"balzer-gartengestaltung\",\"description\":\"\",\"publisher\":{\"@id\":\"https:\\\/\\\/balzer-gartengestaltung.de\\\/#organization\"},\"potentialAction\":[{\"@type\":\"SearchAction\",\"target\":{\"@type\":\"EntryPoint\",\"urlTemplate\":\"https:\\\/\\\/balzer-gartengestaltung.de\\\/?s={search_term_string}\"},\"query-input\":{\"@type\":\"PropertyValueSpecification\",\"valueRequired\":true,\"valueName\":\"search_term_string\"}}],\"inLanguage\":\"de\"},{\"@type\":\"Organization\",\"@id\":\"https:\\\/\\\/balzer-gartengestaltung.de\\\/#organization\",\"name\":\"Balzer Garten & Landschaftsbau Natursteinhandel GmbH\",\"url\":\"https:\\\/\\\/balzer-gartengestaltung.de\\\/\",\"logo\":{\"@type\":\"ImageObject\",\"inLanguage\":\"de\",\"@id\":\"https:\\\/\\\/balzer-gartengestaltung.de\\\/#\\\/schema\\\/logo\\\/image\\\/\",\"url\":\"https:\\\/\\\/balzer-gartengestaltung.de\\\/wp-content\\\/uploads\\\/2025\\\/01\\\/cropped-Screenshot-2024-11-18-131313.png\",\"contentUrl\":\"https:\\\/\\\/balzer-gartengestaltung.de\\\/wp-content\\\/uploads\\\/2025\\\/01\\\/cropped-Screenshot-2024-11-18-131313.png\",\"width\":409,\"height\":196,\"caption\":\"Balzer Garten & Landschaftsbau Natursteinhandel GmbH\"},\"image\":{\"@id\":\"https:\\\/\\\/balzer-gartengestaltung.de\\\/#\\\/schema\\\/logo\\\/image\\\/\"},\"sameAs\":[\"https:\\\/\\\/www.facebook.com\\\/p\\\/Balzer-Garten-und-Landschaftsbau-100078155521552\",\"https:\\\/\\\/www.tiktok.com\\\/@balzer_gartengestaltung\",\"https:\\\/\\\/www.instagram.com\\\/balzer_gartengestaltung\\\/\"]}]}<\/script>\n<!-- \/ Yoast SEO plugin. -->","yoast_head_json":{"title":"Datenschutzerkl\u00e4rung -","robots":{"index":"index","follow":"follow","max-snippet":"max-snippet:-1","max-image-preview":"max-image-preview:large","max-video-preview":"max-video-preview:-1"},"canonical":"https:\/\/balzer-gartengestaltung.de\/?page_id=3","og_locale":"de_DE","og_type":"article","og_title":"Datenschutzerkl\u00e4rung -","og_description":"DATENSCHUTZERKL\u00c4RUNG 1. DATENSCHUTZ AUF EINEN BLICK ALGEMEINE HINWEISE Die folgenden Hinweise geben einen einfachen \u00dcberblick dar\u00fcber, was mit Ihren personenbezogenen Daten passiert, wenn Sie unsere Website besuchen. Personenbezogene Daten sind alle Daten, mit denen Sie pers\u00f6nlich","og_url":"https:\/\/balzer-gartengestaltung.de\/?page_id=3","article_publisher":"https:\/\/www.facebook.com\/p\/Balzer-Garten-und-Landschaftsbau-100078155521552","article_modified_time":"2026-03-03T08:09:39+00:00","og_image":[{"url":"https:\/\/balzer-gartengestaltung.de\/wp-content\/uploads\/2025\/01\/Screenshot-5.png","type":"","width":"","height":""}],"twitter_card":"summary_large_image","twitter_misc":{"Gesch\u00e4tzte Lesezeit":"13\u00a0Minuten"},"schema":{"@context":"https:\/\/schema.org","@graph":[{"@type":"WebPage","@id":"https:\/\/balzer-gartengestaltung.de\/?page_id=3","url":"https:\/\/balzer-gartengestaltung.de\/?page_id=3","name":"Datenschutzerkl\u00e4rung -","isPartOf":{"@id":"https:\/\/balzer-gartengestaltung.de\/#website"},"primaryImageOfPage":{"@id":"https:\/\/balzer-gartengestaltung.de\/?page_id=3#primaryimage"},"image":{"@id":"https:\/\/balzer-gartengestaltung.de\/?page_id=3#primaryimage"},"thumbnailUrl":"https:\/\/balzer-gartengestaltung.de\/wp-content\/uploads\/2025\/01\/Screenshot-5.png","datePublished":"2025-01-17T12:36:05+00:00","dateModified":"2026-03-03T08:09:39+00:00","breadcrumb":{"@id":"https:\/\/balzer-gartengestaltung.de\/?page_id=3#breadcrumb"},"inLanguage":"de","potentialAction":[{"@type":"ReadAction","target":["https:\/\/balzer-gartengestaltung.de\/?page_id=3"]}]},{"@type":"ImageObject","inLanguage":"de","@id":"https:\/\/balzer-gartengestaltung.de\/?page_id=3#primaryimage","url":"https:\/\/balzer-gartengestaltung.de\/wp-content\/uploads\/2025\/01\/Screenshot-5.png","contentUrl":"https:\/\/balzer-gartengestaltung.de\/wp-content\/uploads\/2025\/01\/Screenshot-5.png","width":179,"height":141},{"@type":"BreadcrumbList","@id":"https:\/\/balzer-gartengestaltung.de\/?page_id=3#breadcrumb","itemListElement":[{"@type":"ListItem","position":1,"name":"Start","item":"https:\/\/balzer-gartengestaltung.de\/"},{"@type":"ListItem","position":2,"name":"Datenschutzerkl\u00e4rung"}]},{"@type":"WebSite","@id":"https:\/\/balzer-gartengestaltung.de\/#website","url":"https:\/\/balzer-gartengestaltung.de\/","name":"balzer-gartengestaltung","description":"","publisher":{"@id":"https:\/\/balzer-gartengestaltung.de\/#organization"},"potentialAction":[{"@type":"SearchAction","target":{"@type":"EntryPoint","urlTemplate":"https:\/\/balzer-gartengestaltung.de\/?s={search_term_string}"},"query-input":{"@type":"PropertyValueSpecification","valueRequired":true,"valueName":"search_term_string"}}],"inLanguage":"de"},{"@type":"Organization","@id":"https:\/\/balzer-gartengestaltung.de\/#organization","name":"Balzer Garten & Landschaftsbau Natursteinhandel GmbH","url":"https:\/\/balzer-gartengestaltung.de\/","logo":{"@type":"ImageObject","inLanguage":"de","@id":"https:\/\/balzer-gartengestaltung.de\/#\/schema\/logo\/image\/","url":"https:\/\/balzer-gartengestaltung.de\/wp-content\/uploads\/2025\/01\/cropped-Screenshot-2024-11-18-131313.png","contentUrl":"https:\/\/balzer-gartengestaltung.de\/wp-content\/uploads\/2025\/01\/cropped-Screenshot-2024-11-18-131313.png","width":409,"height":196,"caption":"Balzer Garten & Landschaftsbau Natursteinhandel GmbH"},"image":{"@id":"https:\/\/balzer-gartengestaltung.de\/#\/schema\/logo\/image\/"},"sameAs":["https:\/\/www.facebook.com\/p\/Balzer-Garten-und-Landschaftsbau-100078155521552","https:\/\/www.tiktok.com\/@balzer_gartengestaltung","https:\/\/www.instagram.com\/balzer_gartengestaltung\/"]}]}},"_links":{"self":[{"href":"https:\/\/balzer-gartengestaltung.de\/index.php?rest_route=\/wp\/v2\/pages\/3","targetHints":{"allow":["GET"]}}],"collection":[{"href":"https:\/\/balzer-gartengestaltung.de\/index.php?rest_route=\/wp\/v2\/pages"}],"about":[{"href":"https:\/\/balzer-gartengestaltung.de\/index.php?rest_route=\/wp\/v2\/types\/page"}],"author":[{"embeddable":true,"href":"https:\/\/balzer-gartengestaltung.de\/index.php?rest_route=\/wp\/v2\/users\/1"}],"replies":[{"embeddable":true,"href":"https:\/\/balzer-gartengestaltung.de\/index.php?rest_route=%2Fwp%2Fv2%2Fcomments&post=3"}],"version-history":[{"count":244,"href":"https:\/\/balzer-gartengestaltung.de\/index.php?rest_route=\/wp\/v2\/pages\/3\/revisions"}],"predecessor-version":[{"id":15848,"href":"https:\/\/balzer-gartengestaltung.de\/index.php?rest_route=\/wp\/v2\/pages\/3\/revisions\/15848"}],"wp:attachment":[{"href":"https:\/\/balzer-gartengestaltung.de\/index.php?rest_route=%2Fwp%2Fv2%2Fmedia&parent=3"}],"curies":[{"name":"wp","href":"https:\/\/api.w.org\/{rel}","templated":true}]}}